{"id":678,"date":"2015-11-22T17:36:20","date_gmt":"2015-11-22T17:36:20","guid":{"rendered":"http:\/\/royal-images.de\/?page_id=678"},"modified":"2015-11-24T20:57:49","modified_gmt":"2015-11-24T20:57:49","slug":"dati-di-navigazione-ed-uso-dei-cookie-per-il-nos-sito-web-royal-images-de","status":"publish","type":"page","link":"https:\/\/royal-images.de\/index.php\/dati-di-navigazione-ed-uso-dei-cookie-per-il-nos-sito-web-royal-images-de\/","title":{"rendered":"Dati di navigazione ed uso dei cookie per il ns sito web royal-images.de"},"content":{"rendered":"<div id=\"pl-678\"  class=\"panel-layout\" ><div id=\"pg-678-0\"  class=\"panel-grid panel-no-style\" ><div id=\"pgc-678-0-0\"  class=\"panel-grid-cell\" ><div id=\"panel-678-0-0-0\" class=\"so-panel widget widget_spacer panel-first-child\" data-index=\"0\" ><div\n\t\t\t\n\t\t\tclass=\"so-widget-spacer so-widget-spacer-spacer-style-d75171398898-678\"\n\t\t\t\n\t\t>\r\n\r\n\r\n\r\n\r\n<div class=\"spacer\" style=\"height: 3px\">\r\n<\/div><\/div><\/div><div id=\"panel-678-0-0-1\" class=\"so-panel widget widget_sow-editor panel-last-child\" data-index=\"1\" ><div\n\t\t\t\n\t\t\tclass=\"so-widget-sow-editor so-widget-sow-editor-base\"\n\t\t\t\n\t\t><h3 class=\"widget-title\">Dati di navigazione ed uso dei cookie per il ns sito web royal-images.de<\/h3>\n<div class=\"siteorigin-widget-tinymce textwidget\">\n\t<h4>Cookie<\/h4>\n<p>Che cosa sono i cookie?<br \/> Un cookie \u00e8 un file di testo di dimensioni ridotte inviato al browser dal sito web visitato e successivamente memorizzato sul disco fisso del computer dell'utente. Quando ci si collega nuovamente al sito web, i cookie sono riletti e riconosciuti dal sito web che li ha inviati. Mentre si visita un sito web, \u00e8 possibile ricevere cookie da un sito web di terze parti ( il cosiddetto cookie di \"terzi\" ), per esempio collegamenti a pagine web di altri nomi di dominio.<\/p>\n<h4>Dati di navigazione<\/h4>\n<p>I sistemi informatici e le procedure software preposte al funzionamento di questo sito web sopra indicato acquisiscono, nel corso del normale esercizio, alcuni dati personali la cui trasmissione \u00e8 implicita nell'uso dei protocolli di comunicazione di internet (ad esempio, gli indirizzi IP o i nomi a dominio dei computer utilizzati dagli utenti che si connettono al sito, gli indirizzi in notazione URI delle risorse richieste, l\u2019orario della richiesta, il metodo utilizzato nel sottoporre la richiesta al server, la dimensione del file ottenuto in risposta, il codice digitale indicante lo stato della risposta data dal server (buon fine, errore, ecc.) ed altri parametri relativi al sistema operativo e all'ambiente informatico dell\u2019utente).<\/p>\n<p>Queste informazioni non sono raccolte per essere associate a soggetti identificati, ma per loro stessa natura potrebbero permettere di identificare gli utenti attraverso elaborazioni ed associazioni con dati detenuti da terzi.<\/p>\n<p>I dati indicati sono utilizzati al solo fine di ricavare informazioni statistiche anonime sull'uso del sito web e per controllarne il corretto funzionamento e, pertanto, sono cancellati immediatamente dopo l\u2019elaborazione. I dati potrebbero essere utilizzati per l'accertamento di responsabilit\u00e0 in caso di ipotetici reati informatici ai danni del sito web: salva questa eventualit\u00e0, questi dati non vengono conservati per pi\u00f9 di sette giorni.<\/p>\n<p>I cookie possono essere utilizzati per scopi diversi: per consentire a un sito web di riconoscere il dispositivo dell'utente, monitorare sessioni e memorizzare informazioni specifiche sugli utenti che accedono al server.<\/p>\n<h4>Cancellazione dei cookie<\/h4>\n<p>I cookie sono gestiti dal browser che utilizza per visionare il web. Esistono molti browser diversi: ogni differente browser dispone di una propria procedura per la cancellazione dei cookie. Per procedere alla cancellazione dei cookie per il browser che utilizza, facendo una normale ricerca su qualunque motore di ricerca e seguendo le indicazioni che trova.<\/p>\n<\/div>\n<\/div><\/div><\/div><div id=\"pgc-678-0-1\"  class=\"panel-grid-cell\" ><div id=\"panel-678-0-1-0\" class=\"so-panel widget widget_spacer panel-first-child\" data-index=\"2\" ><div\n\t\t\t\n\t\t\tclass=\"so-widget-spacer so-widget-spacer-spacer-style-d75171398898-678\"\n\t\t\t\n\t\t>\r\n\r\n\r\n\r\n\r\n<div class=\"spacer\" style=\"height: 3px\">\r\n<\/div><\/div><\/div><div id=\"panel-678-0-1-1\" class=\"so-panel widget widget_nav_menu panel-last-child\" data-index=\"3\" ><div class=\"menu-italienisch-impressum-container\"><ul id=\"menu-italienisch-impressum\" class=\"menu\"><li id=\"menu-item-684\" class=\"menu-item menu-item-type-post_type menu-item-object-page menu-item-684\"><a href=\"https:\/\/royal-images.de\/index.php\/termini-e-condizioni-di-uso\/\">Termini e condizioni di uso<\/a><\/li>\n<li id=\"menu-item-682\" class=\"menu-item menu-item-type-post_type menu-item-object-page menu-item-682\"><a href=\"https:\/\/royal-images.de\/index.php\/dati-di-navigazione-ed-uso-dei-cookie-per-il-nos-sito-web-royal-images-de\/\">Dati di navigazione ed uso dei cookie per il ns sito web royal-images.de<\/a><\/li>\n<li id=\"menu-item-683\" class=\"menu-item menu-item-type-post_type menu-item-object-page menu-item-683\"><a href=\"https:\/\/royal-images.de\/index.php\/la-privacy-policy\/\">La Privacy Policy<\/a><\/li>\n<\/ul><\/div><\/div><\/div><\/div><\/div>","protected":false},"excerpt":{"rendered":"<p>CookieChe cosa sono i cookie? Un cookie \u00e8 un file di testo di dimensioni ridotte inviato al browser dal sito web visitato e successivamente memorizzato sul disco fisso del computer dell&#8217;utente. Quando ci si collega nuovamente al sito web, i cookie sono riletti e riconosciuti dal sito web che li ha inviati. Mentre si visita un sito web, \u00e8 possibile ricevere cookie da un sito web di terze parti ( il cosiddetto cookie di &#8222;terzi&#8220; ), per esempio collegamenti a pagine web di altri nomi di dominio.Dati di navigazioneI sistemi informatici e le procedure software preposte al funzionamento di questo sito web sopra indicato acquisiscono, nel corso del normale esercizio, [&hellip;]<\/p>\n","protected":false},"author":3,"featured_media":0,"parent":0,"menu_order":0,"comment_status":"closed","ping_status":"closed","template":"home-panels.php","meta":[],"language":[7],"_links":{"self":[{"href":"https:\/\/royal-images.de\/index.php\/wp-json\/wp\/v2\/pages\/678"}],"collection":[{"href":"https:\/\/royal-images.de\/index.php\/wp-json\/wp\/v2\/pages"}],"about":[{"href":"https:\/\/royal-images.de\/index.php\/wp-json\/wp\/v2\/types\/page"}],"author":[{"embeddable":true,"href":"https:\/\/royal-images.de\/index.php\/wp-json\/wp\/v2\/users\/3"}],"replies":[{"embeddable":true,"href":"https:\/\/royal-images.de\/index.php\/wp-json\/wp\/v2\/comments?post=678"}],"version-history":[{"count":3,"href":"https:\/\/royal-images.de\/index.php\/wp-json\/wp\/v2\/pages\/678\/revisions"}],"predecessor-version":[{"id":718,"href":"https:\/\/royal-images.de\/index.php\/wp-json\/wp\/v2\/pages\/678\/revisions\/718"}],"wp:attachment":[{"href":"https:\/\/royal-images.de\/index.php\/wp-json\/wp\/v2\/media?parent=678"}],"wp:term":[{"taxonomy":"language","embeddable":true,"href":"https:\/\/royal-images.de\/index.php\/wp-json\/wp\/v2\/language?post=678"}],"curies":[{"name":"wp","href":"https:\/\/api.w.org\/{rel}","templated":true}]}}