{"id":42,"date":"2015-10-23T16:56:45","date_gmt":"2015-10-23T16:56:45","guid":{"rendered":"http:\/\/wp12463780.server-he.de\/?page_id=42"},"modified":"2018-06-14T11:50:53","modified_gmt":"2018-06-14T11:50:53","slug":"familienwappen","status":"publish","type":"page","link":"https:\/\/royal-images.de\/index.php\/familienwappen\/","title":{"rendered":"Familienwappen"},"content":{"rendered":"<div id=\"pl-42\"  class=\"panel-layout\" ><div id=\"pg-42-0\"  class=\"panel-grid panel-no-style\" ><div id=\"pgc-42-0-0\"  class=\"panel-grid-cell\" ><div id=\"panel-42-0-0-0\" class=\"so-panel widget widget_spacer panel-first-child\" data-index=\"0\" ><div\n\t\t\t\n\t\t\tclass=\"so-widget-spacer so-widget-spacer-spacer-style-d75171398898-42\"\n\t\t\t\n\t\t>\r\n\r\n\r\n\r\n\r\n<div class=\"spacer\" style=\"height: 3px\">\r\n<\/div><\/div><\/div><div id=\"panel-42-0-0-1\" class=\"so-panel widget widget_sow-editor\" data-index=\"1\" ><div\n\t\t\t\n\t\t\tclass=\"so-widget-sow-editor so-widget-sow-editor-base\"\n\t\t\t\n\t\t><h3 class=\"widget-title\">Familienwappen<\/h3>\n<div class=\"siteorigin-widget-tinymce textwidget\">\n\t<p>Sie verf\u00fcgen \u00fcber ein Familienwappen oder eine heraldische Abbildung im Wappenbrief und w\u00fcnschen sich einen Wappenaufn\u00e4her in gestickter Form, um diesen dann auf einem Blazer oder einem anderen Kleidungsst\u00fcck zu tragen?<\/p>\n<blockquote><p>Vertrauen Sie Royal Images dem Spezialisten, der seit mehr als 30 Jahren in traditioneller und hochwertiger Bullion-Handstickerei (d.h. die Verwendung von erhabenen Gold- und Silbermetallf\u00e4den) Ihr Familienwappen nach heraldischen Gesetzen von Hand stickt.<\/p><\/blockquote>\n<h4>Feinste Handarbeit<\/h4>\n<p>Ein zu 100% von Hand gestickter, edel ausschauender Wappenaufn\u00e4her unterscheidet sich qualit\u00e4tsm\u00e4\u00dfig erheblichst von der \u00fcblichen Massenproduktion.<br \/>\nIhr Familienwappen wird in \u00e4usserst zeitaufwendiger Handwerkskunst als plastisch aussehender Wappenaufn\u00e4her gestickt.<br \/>\nHinsichtlich der Gesamtgr\u00f6\u00dfe und Form sind keine Grenzen gesetzt und wir k\u00f6nnen Ihnen folgende M\u00f6glichkeiten in der Einzelanfertigung anbieten:<\/p>\n<h5>Ihr Familienwappen!<\/h5>\n<ul>\n<li>als traditionelles Blazer Badge zum ann\u00e4hen<\/li>\n<li>als gesticktes Wappenbild zum einrahmen<\/li>\n<li>Ihr Wappen auf einem Wimpel<\/li>\n<li>Ihr Wappen auf einem Samt Kissenbezug<\/li>\n<li>uvm...<\/li>\n<\/ul>\n<p>So haben wir z.b. auch schon Stuhlbez\u00fcge f\u00fcr Adelsh\u00e4user bestickt oder gro\u00dfe Wandteppiche gefertigt.<\/p>\n<hr \/>\n<h4>Pers\u00f6nliches Angebot<\/h4>\n<p>Z\u00f6gern Sie nicht und fordern Sie noch heute einfach, kostenlos und unverbindlich Ihr ganz pers\u00f6nliches Angebot an!<\/p>\n<p>Sobald wir Ihre heraldische Vorlage f\u00fcr Ihr Familienwappen in digitaler Form (jpg, pdf, gif, png) vorliegen haben, unterbreiten wir Ihnen sehr gerne Vorschl\u00e4ge zur Umsetzung.<\/p>\n<\/div>\n<\/div><\/div><div id=\"panel-42-0-0-2\" class=\"so-panel widget widget_sow-button panel-last-child\" data-index=\"2\" ><div\n\t\t\t\n\t\t\tclass=\"so-widget-sow-button so-widget-sow-button-wire-450d48a19bc7-42\"\n\t\t\t\n\t\t><div class=\"ow-button-base ow-button-align-left\">\n\t<a href=\"https:\/\/royal-images.de\/index.php\/kontakt\/\" class=\"ow-icon-placement-left ow-button-hover\" \t\t>\n\t\t<span>\n\t\t\t<span class=\"sow-icon-fontawesome sow-far\" data-sow-icon=\"&#xf1d8;\"\n\t\t \n\t\taria-hidden=\"true\"><\/span>\n\t\t\tAngebot anfordern\t\t<\/span>\n\t<\/a>\n<\/div>\n<\/div><\/div><\/div><div id=\"pgc-42-0-1\"  class=\"panel-grid-cell\" ><div id=\"panel-42-0-1-0\" class=\"so-panel widget widget_spacer panel-first-child\" data-index=\"3\" ><div\n\t\t\t\n\t\t\tclass=\"so-widget-spacer so-widget-spacer-spacer-style-d75171398898-42\"\n\t\t\t\n\t\t>\r\n\r\n\r\n\r\n\r\n<div class=\"spacer\" style=\"height: 3px\">\r\n<\/div><\/div><\/div><div id=\"panel-42-0-1-1\" class=\"so-panel widget widget_sow-image\" data-index=\"4\" ><div class=\"panel-widget-style panel-widget-style-for-42-0-1-1\" ><div\n\t\t\t\n\t\t\tclass=\"so-widget-sow-image so-widget-sow-image-default-4b231843ec72-42\"\n\t\t\t\n\t\t>\n\n<div class=\"sow-image-container\">\n\t\t\t<a href=\"https:\/\/royal-images.de\/index.php\/krawatten\/\"\n\t\t\t\t\t>\n\t\t\t<img src=\"https:\/\/royal-images.de\/wp-content\/uploads\/2015\/10\/cont-cat-krawatten-img-royal-images.png\" width=\"600\" height=\"266\" srcset=\"https:\/\/royal-images.de\/wp-content\/uploads\/2015\/10\/cont-cat-krawatten-img-royal-images.png 600w, https:\/\/royal-images.de\/wp-content\/uploads\/2015\/10\/cont-cat-krawatten-img-royal-images-300x133.png 300w\" sizes=\"(max-width: 600px) 100vw, 600px\" title=\"Krawatten\" alt=\"Krawatten\" loading=\"lazy\" \t\tclass=\"so-widget-image\"\/>\n\t<\/a><\/div>\n\n<\/div><\/div><\/div><div id=\"panel-42-0-1-2\" class=\"so-panel widget widget_sow-image\" data-index=\"5\" ><div class=\"panel-widget-style panel-widget-style-for-42-0-1-2\" ><div\n\t\t\t\n\t\t\tclass=\"so-widget-sow-image so-widget-sow-image-default-4b231843ec72-42\"\n\t\t\t\n\t\t>\n\n<div class=\"sow-image-container\">\n\t\t\t<a href=\"https:\/\/royal-images.de\/index.php\/clubabzeichen\/\"\n\t\t\t\t\t>\n\t\t\t<img src=\"https:\/\/royal-images.de\/wp-content\/uploads\/2015\/10\/cont-cat-clubabzeichen-img-royal-images.png\" width=\"600\" height=\"266\" srcset=\"https:\/\/royal-images.de\/wp-content\/uploads\/2015\/10\/cont-cat-clubabzeichen-img-royal-images.png 600w, https:\/\/royal-images.de\/wp-content\/uploads\/2015\/10\/cont-cat-clubabzeichen-img-royal-images-300x133.png 300w\" sizes=\"(max-width: 600px) 100vw, 600px\" title=\"Clubabzeichen\" alt=\"Clubabzeichen\" loading=\"lazy\" \t\tclass=\"so-widget-image\"\/>\n\t<\/a><\/div>\n\n<\/div><\/div><\/div><div id=\"panel-42-0-1-3\" class=\"so-panel widget widget_sow-image\" data-index=\"6\" ><div class=\"panel-widget-style panel-widget-style-for-42-0-1-3\" ><div\n\t\t\t\n\t\t\tclass=\"so-widget-sow-image so-widget-sow-image-default-4b231843ec72-42\"\n\t\t\t\n\t\t>\n\n<div class=\"sow-image-container\">\n\t\t\t<a href=\"https:\/\/royal-images.de\/index.php\/bag-tags\/\"\n\t\t\t\t\t>\n\t\t\t<img src=\"https:\/\/royal-images.de\/wp-content\/uploads\/2015\/10\/cont-cat-bagtags-img-royal-images.png\" width=\"600\" height=\"266\" srcset=\"https:\/\/royal-images.de\/wp-content\/uploads\/2015\/10\/cont-cat-bagtags-img-royal-images.png 600w, https:\/\/royal-images.de\/wp-content\/uploads\/2015\/10\/cont-cat-bagtags-img-royal-images-300x133.png 300w\" sizes=\"(max-width: 600px) 100vw, 600px\" title=\"Bag Tags\" alt=\"Bag Tags\" loading=\"lazy\" \t\tclass=\"so-widget-image\"\/>\n\t<\/a><\/div>\n\n<\/div><\/div><\/div><div id=\"panel-42-0-1-4\" class=\"so-panel widget widget_circleicon-widget\" data-index=\"7\" ><div class=\"panel-widget-style panel-widget-style-for-42-0-1-4\" >\t\t<div class=\"circle-icon-box circle-icon-position-top circle-icon-hide-box circle-icon-size-small\">\n\t\t\t<div class=\"circle-icon-wrapper\">\n\t\t\t\t\t\t\t\t<div class=\"circle-icon\" >\n\t\t\t\t\t<div class=\"fa fa-exclamation\" ><\/div>\t\t\t\t<\/div>\n\t\t\t\t\t\t\t<\/div>\n\n\t\t\t\t\t\t<h4 >Tipp!<\/h4>\t\t\t\n\t\t\t<p class=\"text\" ><strong>MAGNETABZEICHEN \/ MAGNETLOGOS<\/strong> - Die Clubabzeichen werden zu 99% MIT unserer speziellen MAGNETBEFESTIGUNG bestellt!<\/p>\t\t\t\t\t<\/div>\n\t\t<\/div><\/div><div id=\"panel-42-0-1-5\" class=\"so-panel widget widget_sow-image\" data-index=\"8\" ><div class=\"panel-widget-style panel-widget-style-for-42-0-1-5\" ><div\n\t\t\t\n\t\t\tclass=\"so-widget-sow-image so-widget-sow-image-default-4b231843ec72-42\"\n\t\t\t\n\t\t>\n\n<div class=\"sow-image-container\">\n\t\t\t<a href=\"https:\/\/royal-images.de\/index.php\/fahnen\/\"\n\t\t\t\t\t>\n\t\t\t<img src=\"https:\/\/royal-images.de\/wp-content\/uploads\/2015\/10\/cont-cat-fahnen-img-royal-images.png\" width=\"600\" height=\"266\" srcset=\"https:\/\/royal-images.de\/wp-content\/uploads\/2015\/10\/cont-cat-fahnen-img-royal-images.png 600w, https:\/\/royal-images.de\/wp-content\/uploads\/2015\/10\/cont-cat-fahnen-img-royal-images-300x133.png 300w\" sizes=\"(max-width: 600px) 100vw, 600px\" title=\"Fahnen\" alt=\"Fahnen\" loading=\"lazy\" \t\tclass=\"so-widget-image\"\/>\n\t<\/a><\/div>\n\n<\/div><\/div><\/div><div id=\"panel-42-0-1-6\" class=\"so-panel widget widget_sow-image panel-last-child\" data-index=\"9\" ><div class=\"panel-widget-style panel-widget-style-for-42-0-1-6\" ><div\n\t\t\t\n\t\t\tclass=\"so-widget-sow-image so-widget-sow-image-default-4b231843ec72-42\"\n\t\t\t\n\t\t>\n\n<div class=\"sow-image-container\">\n\t\t\t<a href=\"https:\/\/royal-images.de\/index.php\/wimpel\/\"\n\t\t\t\t\t>\n\t\t\t<img src=\"https:\/\/royal-images.de\/wp-content\/uploads\/2015\/10\/cont-cat-wimpel2-img-royal-images.png\" width=\"600\" height=\"266\" srcset=\"https:\/\/royal-images.de\/wp-content\/uploads\/2015\/10\/cont-cat-wimpel2-img-royal-images.png 600w, https:\/\/royal-images.de\/wp-content\/uploads\/2015\/10\/cont-cat-wimpel2-img-royal-images-300x133.png 300w\" sizes=\"(max-width: 600px) 100vw, 600px\" title=\"Wimpel\" alt=\"Wimpel\" loading=\"lazy\" \t\tclass=\"so-widget-image\"\/>\n\t<\/a><\/div>\n\n<\/div><\/div><\/div><\/div><\/div><div id=\"pg-42-1\"  class=\"panel-grid panel-has-style\" ><div class=\"siteorigin-panels-stretch panel-row-style-full-width panel-row-style panel-row-style-for-42-1\" style=\"background-color: #191919; \" data-stretch-type=\"full\" ><div id=\"pgc-42-1-0\"  class=\"panel-grid-cell\" ><div id=\"panel-42-1-0-0\" class=\"so-panel widget widget_metaslider_widget panel-first-child panel-last-child\" data-index=\"10\" ><div id=\"metaslider-id-306\" style=\"max-width: 1080px;\" class=\"ml-slider-3-28-0 metaslider metaslider-flex metaslider-306 ml-slider nav-hidden\">\n    <div id=\"metaslider_container_306\">\n        <div id=\"metaslider_306\">\n            <ul aria-live=\"polite\" class=\"slides\">\n                <li style=\"display: block; width: 100%;\" class=\"slide-329 ms-image\"><img src=\"https:\/\/royal-images.de\/wp-content\/uploads\/2015\/10\/cont-product-slide-wappen-1.png\" height=\"600\" width=\"1080\" alt=\"\" class=\"slider-306 slide-329\" \/><\/li>\n                <li style=\"display: none; width: 100%;\" class=\"slide-330 ms-image\"><img src=\"https:\/\/royal-images.de\/wp-content\/uploads\/2015\/10\/cont-product-slide-wappen-2.png\" height=\"600\" width=\"1080\" alt=\"\" class=\"slider-306 slide-330\" \/><\/li>\n                <li style=\"display: none; width: 100%;\" class=\"slide-332 ms-image\"><img src=\"https:\/\/royal-images.de\/wp-content\/uploads\/2015\/10\/cont-product-slide-wappen-collage.png\" height=\"600\" width=\"1080\" alt=\"\" class=\"slider-306 slide-332\" \/><\/li>\n                <li style=\"display: none; width: 100%;\" class=\"slide-331 ms-image\"><img src=\"https:\/\/royal-images.de\/wp-content\/uploads\/2015\/10\/cont-product-slide-wappen-3.png\" height=\"600\" width=\"1080\" alt=\"\" class=\"slider-306 slide-331\" \/><\/li>\n            <\/ul>\n        <\/div>\n        \n    <\/div>\n<\/div><\/div><\/div><\/div><\/div><\/div>","protected":false},"excerpt":{"rendered":"<p>Sie verf\u00fcgen \u00fcber ein Familienwappen oder eine heraldische Abbildung im Wappenbrief und w\u00fcnschen sich einen Wappenaufn\u00e4her in gestickter Form, um diesen dann auf einem Blazer oder einem anderen Kleidungsst\u00fcck zu tragen? Vertrauen Sie Royal Images dem Spezialisten, der seit mehr als 30 Jahren in traditioneller und hochwertiger Bullion-Handstickerei (d.h. die Verwendung von erhabenen Gold- und Silbermetallf\u00e4den) Ihr Familienwappen nach heraldischen Gesetzen von Hand stickt. Feinste Handarbeit Ein zu 100% von Hand gestickter, edel ausschauender Wappenaufn\u00e4her unterscheidet sich qualit\u00e4tsm\u00e4\u00dfig erheblichst von der \u00fcblichen Massenproduktion. Ihr Familienwappen wird in \u00e4usserst zeitaufwendiger Handwerkskunst als plastisch aussehender Wappenaufn\u00e4her gestickt. Hinsichtlich der Gesamtgr\u00f6\u00dfe und Form sind keine Grenzen gesetzt und wir k\u00f6nnen Ihnen folgende M\u00f6glichkeiten [&hellip;]<\/p>\n","protected":false},"author":3,"featured_media":0,"parent":0,"menu_order":0,"comment_status":"closed","ping_status":"closed","template":"home-panels.php","meta":[],"language":[5],"_links":{"self":[{"href":"https:\/\/royal-images.de\/index.php\/wp-json\/wp\/v2\/pages\/42"}],"collection":[{"href":"https:\/\/royal-images.de\/index.php\/wp-json\/wp\/v2\/pages"}],"about":[{"href":"https:\/\/royal-images.de\/index.php\/wp-json\/wp\/v2\/types\/page"}],"author":[{"embeddable":true,"href":"https:\/\/royal-images.de\/index.php\/wp-json\/wp\/v2\/users\/3"}],"replies":[{"embeddable":true,"href":"https:\/\/royal-images.de\/index.php\/wp-json\/wp\/v2\/comments?post=42"}],"version-history":[{"count":23,"href":"https:\/\/royal-images.de\/index.php\/wp-json\/wp\/v2\/pages\/42\/revisions"}],"predecessor-version":[{"id":5646,"href":"https:\/\/royal-images.de\/index.php\/wp-json\/wp\/v2\/pages\/42\/revisions\/5646"}],"wp:attachment":[{"href":"https:\/\/royal-images.de\/index.php\/wp-json\/wp\/v2\/media?parent=42"}],"wp:term":[{"taxonomy":"language","embeddable":true,"href":"https:\/\/royal-images.de\/index.php\/wp-json\/wp\/v2\/language?post=42"}],"curies":[{"name":"wp","href":"https:\/\/api.w.org\/{rel}","templated":true}]}}