{"id":19,"date":"2015-10-23T14:50:48","date_gmt":"2015-10-23T14:50:48","guid":{"rendered":"http:\/\/wp12463780.server-he.de\/?page_id=19"},"modified":"2015-12-14T16:44:04","modified_gmt":"2015-12-14T16:44:04","slug":"home-fr","status":"publish","type":"page","link":"https:\/\/royal-images.de\/index.php\/home-fr\/","title":{"rendered":"Royal Images"},"content":{"rendered":"<div id=\"pl-19\"  class=\"panel-layout\" ><div id=\"pg-19-0\"  class=\"panel-grid panel-has-style\" ><div class=\"siteorigin-panels-stretch panel-row-style-full-width panel-row-style panel-row-style-for-19-0\" style=\"border-top: 1px solid #daa520; border-bottom: 1px solid #daa520; background-color: #191919; \" data-stretch-type=\"full\" ><div id=\"pgc-19-0-0\"  class=\"panel-grid-cell\" ><div id=\"panel-19-0-0-0\" class=\"so-panel widget widget_sow-image panel-first-child\" data-index=\"0\" ><div class=\"panel-widget-style panel-widget-style-for-19-0-0-0\" ><div\n\t\t\t\n\t\t\tclass=\"so-widget-sow-image so-widget-sow-image-default-4b231843ec72-19\"\n\t\t\t\n\t\t>\n\n<div class=\"sow-image-container\">\n\t\t\t<a href=\"https:\/\/royal-images.de\/index.php\/des-badges-pour-clubs\/\"\n\t\t\t\t\t>\n\t\t\t<img src=\"https:\/\/royal-images.de\/wp-content\/uploads\/2015\/11\/cont-cat-badges-pour-clubs-img-royal-images.png\" width=\"600\" height=\"266\" srcset=\"https:\/\/royal-images.de\/wp-content\/uploads\/2015\/11\/cont-cat-badges-pour-clubs-img-royal-images.png 600w, https:\/\/royal-images.de\/wp-content\/uploads\/2015\/11\/cont-cat-badges-pour-clubs-img-royal-images-300x133.png 300w\" sizes=\"(max-width: 600px) 100vw, 600px\" title=\"Badges pour clubs\" alt=\"Badges pour clubs\" loading=\"lazy\" \t\tclass=\"so-widget-image\"\/>\n\t<\/a><\/div>\n\n<\/div><\/div><\/div><div id=\"panel-19-0-0-1\" class=\"so-panel widget widget_sow-image\" data-index=\"1\" ><div class=\"panel-widget-style panel-widget-style-for-19-0-0-1\" ><div\n\t\t\t\n\t\t\tclass=\"so-widget-sow-image so-widget-sow-image-default-4b231843ec72-19\"\n\t\t\t\n\t\t>\n\n<div class=\"sow-image-container\">\n\t\t\t<a href=\"https:\/\/royal-images.de\/index.php\/drapeaux\/\"\n\t\t\t\t\t>\n\t\t\t<img src=\"https:\/\/royal-images.de\/wp-content\/uploads\/2015\/12\/cont-cat-drapeaux-img-royal-images.png\" width=\"600\" height=\"266\" srcset=\"https:\/\/royal-images.de\/wp-content\/uploads\/2015\/12\/cont-cat-drapeaux-img-royal-images.png 600w, https:\/\/royal-images.de\/wp-content\/uploads\/2015\/12\/cont-cat-drapeaux-img-royal-images-300x133.png 300w\" sizes=\"(max-width: 600px) 100vw, 600px\" title=\"Drapeaux\" alt=\"Drapeaux\" loading=\"lazy\" \t\tclass=\"so-widget-image\"\/>\n\t<\/a><\/div>\n\n<\/div><\/div><\/div><div id=\"panel-19-0-0-2\" class=\"so-panel widget widget_sow-image panel-last-child\" data-index=\"2\" ><div class=\"panel-widget-style panel-widget-style-for-19-0-0-2\" ><div\n\t\t\t\n\t\t\tclass=\"so-widget-sow-image so-widget-sow-image-default-4b231843ec72-19\"\n\t\t\t\n\t\t>\n\n<div class=\"sow-image-container\">\n\t\t\t<a href=\"https:\/\/royal-images.de\/index.php\/cravates\/\"\n\t\t\t\t\t>\n\t\t\t<img src=\"https:\/\/royal-images.de\/wp-content\/uploads\/2015\/12\/cont-cat-cravates-img-royal-images.png\" width=\"600\" height=\"266\" srcset=\"https:\/\/royal-images.de\/wp-content\/uploads\/2015\/12\/cont-cat-cravates-img-royal-images.png 600w, https:\/\/royal-images.de\/wp-content\/uploads\/2015\/12\/cont-cat-cravates-img-royal-images-300x133.png 300w\" sizes=\"(max-width: 600px) 100vw, 600px\" title=\"Cravates\" alt=\"Cravates\" loading=\"lazy\" \t\tclass=\"so-widget-image\"\/>\n\t<\/a><\/div>\n\n<\/div><\/div><\/div><\/div><div id=\"pgc-19-0-1\"  class=\"panel-grid-cell\" ><div id=\"panel-19-0-1-0\" class=\"so-panel widget widget_sow-image panel-first-child\" data-index=\"3\" ><div class=\"panel-widget-style panel-widget-style-for-19-0-1-0\" ><div\n\t\t\t\n\t\t\tclass=\"so-widget-sow-image so-widget-sow-image-default-4b231843ec72-19\"\n\t\t\t\n\t\t>\n\n<div class=\"sow-image-container\">\n\t\t\t<a href=\"https:\/\/royal-images.de\/index.php\/blason-familial\/\"\n\t\t\t\t\t>\n\t\t\t<img src=\"https:\/\/royal-images.de\/wp-content\/uploads\/2015\/10\/cont-cat-blason-familial-img-royal-images.png\" width=\"600\" height=\"266\" srcset=\"https:\/\/royal-images.de\/wp-content\/uploads\/2015\/10\/cont-cat-blason-familial-img-royal-images.png 600w, https:\/\/royal-images.de\/wp-content\/uploads\/2015\/10\/cont-cat-blason-familial-img-royal-images-300x133.png 300w\" sizes=\"(max-width: 600px) 100vw, 600px\" title=\"Blason Familial\" alt=\"Blason Familial\" loading=\"lazy\" \t\tclass=\"so-widget-image\"\/>\n\t<\/a><\/div>\n\n<\/div><\/div><\/div><div id=\"panel-19-0-1-1\" class=\"so-panel widget widget_sow-image\" data-index=\"4\" ><div class=\"panel-widget-style panel-widget-style-for-19-0-1-1\" ><div\n\t\t\t\n\t\t\tclass=\"so-widget-sow-image so-widget-sow-image-default-4b231843ec72-19\"\n\t\t\t\n\t\t>\n\n<div class=\"sow-image-container\">\n\t\t\t<a href=\"https:\/\/royal-images.de\/index.php\/coussins\/\"\n\t\t\t\t\t>\n\t\t\t<img src=\"https:\/\/royal-images.de\/wp-content\/uploads\/2015\/12\/cont-cat-coussins-img-royal-images.png\" width=\"600\" height=\"266\" srcset=\"https:\/\/royal-images.de\/wp-content\/uploads\/2015\/12\/cont-cat-coussins-img-royal-images.png 600w, https:\/\/royal-images.de\/wp-content\/uploads\/2015\/12\/cont-cat-coussins-img-royal-images-300x133.png 300w\" sizes=\"(max-width: 600px) 100vw, 600px\" title=\"Coussins\" alt=\"Coussins\" loading=\"lazy\" \t\tclass=\"so-widget-image\"\/>\n\t<\/a><\/div>\n\n<\/div><\/div><\/div><div id=\"panel-19-0-1-2\" class=\"so-panel widget widget_sow-image panel-last-child\" data-index=\"5\" ><div class=\"panel-widget-style panel-widget-style-for-19-0-1-2\" ><div\n\t\t\t\n\t\t\tclass=\"so-widget-sow-image so-widget-sow-image-default-4b231843ec72-19\"\n\t\t\t\n\t\t>\n\n<div class=\"sow-image-container\">\n\t\t\t<a href=\"https:\/\/royal-images.de\/index.php\/nappes\/\"\n\t\t\t\t\t>\n\t\t\t<img src=\"https:\/\/royal-images.de\/wp-content\/uploads\/2015\/12\/cont-cat-nappes-img-royal-images.png\" width=\"600\" height=\"266\" srcset=\"https:\/\/royal-images.de\/wp-content\/uploads\/2015\/12\/cont-cat-nappes-img-royal-images.png 600w, https:\/\/royal-images.de\/wp-content\/uploads\/2015\/12\/cont-cat-nappes-img-royal-images-300x133.png 300w\" sizes=\"(max-width: 600px) 100vw, 600px\" title=\"Nappes\" alt=\"Nappes\" loading=\"lazy\" \t\tclass=\"so-widget-image\"\/>\n\t<\/a><\/div>\n\n<\/div><\/div><\/div><\/div><div id=\"pgc-19-0-2\"  class=\"panel-grid-cell\" ><div id=\"panel-19-0-2-0\" class=\"so-panel widget widget_sow-image panel-first-child\" data-index=\"6\" ><div class=\"panel-widget-style panel-widget-style-for-19-0-2-0\" ><div\n\t\t\t\n\t\t\tclass=\"so-widget-sow-image so-widget-sow-image-default-4b231843ec72-19\"\n\t\t\t\n\t\t>\n\n<div class=\"sow-image-container\">\n\t\t\t<a href=\"https:\/\/royal-images.de\/index.php\/fanions\/\"\n\t\t\t\t\t>\n\t\t\t<img src=\"https:\/\/royal-images.de\/wp-content\/uploads\/2015\/12\/cont-cat-fanions-img-royal-images.png\" width=\"600\" height=\"266\" srcset=\"https:\/\/royal-images.de\/wp-content\/uploads\/2015\/12\/cont-cat-fanions-img-royal-images.png 600w, https:\/\/royal-images.de\/wp-content\/uploads\/2015\/12\/cont-cat-fanions-img-royal-images-300x133.png 300w\" sizes=\"(max-width: 600px) 100vw, 600px\" title=\"Fanions\" alt=\"Fanions\" loading=\"lazy\" \t\tclass=\"so-widget-image\"\/>\n\t<\/a><\/div>\n\n<\/div><\/div><\/div><div id=\"panel-19-0-2-1\" class=\"so-panel widget widget_sow-image\" data-index=\"7\" ><div class=\"panel-widget-style panel-widget-style-for-19-0-2-1\" ><div\n\t\t\t\n\t\t\tclass=\"so-widget-sow-image so-widget-sow-image-default-4b231843ec72-19\"\n\t\t\t\n\t\t>\n\n<div class=\"sow-image-container\">\n\t\t\t<a href=\"https:\/\/royal-images.de\/index.php\/bag-tags-3\/\"\n\t\t\t\t\t>\n\t\t\t<img src=\"https:\/\/royal-images.de\/wp-content\/uploads\/2015\/10\/cont-cat-bagtags-img-royal-images.png\" width=\"600\" height=\"266\" srcset=\"https:\/\/royal-images.de\/wp-content\/uploads\/2015\/10\/cont-cat-bagtags-img-royal-images.png 600w, https:\/\/royal-images.de\/wp-content\/uploads\/2015\/10\/cont-cat-bagtags-img-royal-images-300x133.png 300w\" sizes=\"(max-width: 600px) 100vw, 600px\" title=\"Bag Tags\" alt=\"Bag Tags\" loading=\"lazy\" \t\tclass=\"so-widget-image\"\/>\n\t<\/a><\/div>\n\n<\/div><\/div><\/div><div id=\"panel-19-0-2-2\" class=\"so-panel widget widget_sow-image panel-last-child\" data-index=\"8\" ><div class=\"panel-widget-style panel-widget-style-for-19-0-2-2\" ><div\n\t\t\t\n\t\t\tclass=\"so-widget-sow-image so-widget-sow-image-default-4b231843ec72-19\"\n\t\t\t\n\t\t>\n\n<div class=\"sow-image-container\">\n\t\t\t<a href=\"https:\/\/royal-images.de\/index.php\/divers\/\"\n\t\t\t\t\t>\n\t\t\t<img src=\"https:\/\/royal-images.de\/wp-content\/uploads\/2015\/12\/cont-cat-divers-img-royal-images.png\" width=\"600\" height=\"266\" srcset=\"https:\/\/royal-images.de\/wp-content\/uploads\/2015\/12\/cont-cat-divers-img-royal-images.png 600w, https:\/\/royal-images.de\/wp-content\/uploads\/2015\/12\/cont-cat-divers-img-royal-images-300x133.png 300w\" sizes=\"(max-width: 600px) 100vw, 600px\" title=\"Divers\" alt=\"Divers\" loading=\"lazy\" \t\tclass=\"so-widget-image\"\/>\n\t<\/a><\/div>\n\n<\/div><\/div><\/div><\/div><\/div><\/div><div id=\"pg-19-1\"  class=\"panel-grid panel-no-style\" ><div id=\"pgc-19-1-0\"  class=\"panel-grid-cell\" ><div id=\"panel-19-1-0-0\" class=\"so-panel widget widget_sow-editor panel-first-child panel-last-child\" data-index=\"9\" ><div\n\t\t\t\n\t\t\tclass=\"so-widget-sow-editor so-widget-sow-editor-base\"\n\t\t\t\n\t\t><h3 class=\"widget-title\">Bienvenue chez Royal Images!<\/h3>\n<div class=\"siteorigin-widget-tinymce textwidget\">\n\t<p>Royal Images, LA soci\u00e9t\u00e9 leader sur le march\u00e9 europ\u00e9en et dont le si\u00e8ge est sis en Italie (autrefois en Allemagne) est depuis plus de 30 ans votre fournisseur digne de confiance pour des badges de club et magn\u00e9tiques de grande qualit\u00e9 et brod\u00e9s \u00e0 la main.<\/p>\n<p>C'est avec une tr\u00e8s grande fiert\u00e9 que nous pouvons dire que Royal Images a invent\u00e9 puis perfectionn\u00e9 durant de nombreuses ann\u00e9es les - BADGES MAGN\u00c9TIQUES DE GOLF - tellement populaires dans les milieux du golf.<\/p>\n<p>Nos clients satisfaits font partie - rien que dans le domaine sportif du golf - de plus de 1\u00a0000 (!!!) clubs de golf en Europe.<br \/>\n\u2028Profitez de nos d\u00e9cennies d'exp\u00e9rience dans la r\u00e9alisation de badges de haute qualit\u00e9 pour blazers, ainsi que de notre invention pionni\u00e8re du badge magn\u00e9tique qui permet de le fixer sans couture et facilement sur diff\u00e9rents v\u00eatements.<\/p>\n<blockquote><p>Chez nous, tous les blasons sont faits \u00e0 la main, avec beaucoup d'enthousiasme et d'amour du d\u00e9tail, par des brodeuses qualifi\u00e9es et particuli\u00e8rement exp\u00e9riment\u00e9es.<\/p><\/blockquote>\n<p>Font en particulier partie de la client\u00e8le de Royal Images, outre de nombreux organismes gouvernementaux :<\/p>\n<ul>\n<li>des clubs de golf et leurs boutiques professionnelles<\/li>\n<li>des associations de golf<\/li>\n<li>des clubs de yacht<\/li>\n<li>des associations de sports m\u00e9caniques et leurs soci\u00e9t\u00e9s fa\u00eeti\u00e8res<\/li>\n<li>des clubs d'oldtimers et automobiles<\/li>\n<li>des clubs de polo et des associations de polo<\/li>\n<li>le Rotary Club<\/li>\n<li>le Lions Club<\/li>\n<li>des associations de football, des clubs de football et des f\u00e9d\u00e9rations de football<\/li>\n<li>des clubs de tennis<\/li>\n<li>des clubs de hockey<\/li>\n<li>des associations et des clubs de carnaval<\/li>\n<li>des clubs de tir<\/li>\n<li>des associations d'\u00e9tudiants<\/li>\n<li>des associations culturelles<\/li>\n<li>des soci\u00e9t\u00e9s et des foires<\/li>\n<li>des artistocrates et des propri\u00e9taires de blasons de familles<\/li>\n<li>l'industrie de la mode et des cr\u00e9ateurs de mode<\/li>\n<\/ul>\n<blockquote><p>Faites confiance au sp\u00e9cialiste et \u00e0 notre expertise de longue date dans la mise en \u0153uvre de badges \u00e9l\u00e9gamment brod\u00e9s. Profitez des avantages de nos fixations magn\u00e9tiques sophistiqu\u00e9es\u00a0!<\/p><\/blockquote>\n<p>Tous nos articles sont fabriqu\u00e9s en fonction de vos exigences personnelles avec le meilleur savoir-faire manuel.\u2028<br \/>\nEn font partie des patchs de clubs, des insignes pour blazers, des cravates, des blasons de famille, des drapeaux de clubs et de villes pour une utilisation \u00e0 l'int\u00e9rieur, des banni\u00e8res, des fanions d'amiti\u00e9, des \u00e9tendards de voitures, des logos d'entreprises, des coussins en velours et des armoiries en grand format ainsi que des tapisseries.<br \/>\n\u2028Mais aussi des \u00e9tiquettes \u00e0 bagages \/ des \u00e9tiquettes de bagages en cuir, en m\u00e9tal ou en plastique, ainsi que de belles nappes de pr\u00e9sentation pour vos f\u00eates ou \u00e9v\u00e9nements de clubs que nous r\u00e9alisons volontiers selon vos exigences personnelles.<\/p>\n<blockquote><p>Les broderies exclusives r\u00e9alis\u00e9es \u00e0 la main sont notre m\u00e9tier depuis plus de 30 ans. Notre exp\u00e9rience et notre expertise garantissent la parfaite r\u00e9alisation de vos souhaits.<\/p><\/blockquote>\n<p>C'est pourquoi nous serions ravis de vous conseiller personnellement afin d'identifier vos attentes pr\u00e9cises et de les r\u00e9aliser.<\/p>\n<p>C'est avec plaisir que j'attendrai votre demande afin de pouvoir vous soumettre une offre de prix bas\u00e9e sur votre logo.<\/p>\n<p><img src=\"https:\/\/royal-images.de\/wp-content\/uploads\/2015\/11\/signatur-birgit-wirtz-kraus.png\" alt=\"Birgit Sandra Wirtz-Kraus\" \/><\/p>\n<\/div>\n<\/div><\/div><\/div><div id=\"pgc-19-1-1\"  class=\"panel-grid-cell\" ><div id=\"panel-19-1-1-0\" class=\"so-panel widget widget_text panel-first-child\" data-index=\"10\" ><h3 class=\"widget-title\">Contact us<\/h3>\t\t\t<div class=\"textwidget\"><p>Our phone number in Italy:<\/p>\n<p style=\"font-size:1.3em;color:#DAA520;text-align:center;\">+39 0183 52 841<\/p>\n<p>Or send us an email:<\/p>\n<\/div>\n\t\t<\/div><div id=\"panel-19-1-1-1\" class=\"so-panel widget widget_text\" data-index=\"11\" >\t\t\t<div class=\"textwidget\"><div class=\"wpcf7 no-js\" id=\"wpcf7-f651-o1\" lang=\"fr-FR\" dir=\"ltr\">\n<div class=\"screen-reader-response\"><p role=\"status\" aria-live=\"polite\" aria-atomic=\"true\"><\/p> <ul><\/ul><\/div>\n<form action=\"\/index.php\/wp-json\/wp\/v2\/pages\/19#wpcf7-f651-o1\" method=\"post\" class=\"wpcf7-form init\" aria-label=\"Formulaire de contact\" novalidate=\"novalidate\" data-status=\"init\">\n<div style=\"display: none;\">\n<input type=\"hidden\" name=\"_wpcf7\" value=\"651\" \/>\n<input type=\"hidden\" name=\"_wpcf7_version\" value=\"5.7.1\" \/>\n<input type=\"hidden\" name=\"_wpcf7_locale\" value=\"fr_FR\" \/>\n<input type=\"hidden\" name=\"_wpcf7_unit_tag\" value=\"wpcf7-f651-o1\" \/>\n<input type=\"hidden\" name=\"_wpcf7_container_post\" value=\"0\" \/>\n<input type=\"hidden\" name=\"_wpcf7_posted_data_hash\" value=\"\" \/>\n<\/div>\n<p>Votre nom (obligatoire)\n<\/p>\n<p><span class=\"wpcf7-form-control-wrap\" data-name=\"your-name\"><input size=\"40\" class=\"wpcf7-form-control wpcf7-text wpcf7-validates-as-required\" aria-required=\"true\" aria-invalid=\"false\" value=\"\" type=\"text\" name=\"your-name\" \/><\/span>\n<\/p>\n<p>Votre email (obligatoire)\n<\/p>\n<p><span id=\"wpcf7-69f5b1a7c0e4f-wrapper\" class=\"wpcf7-form-control-wrap your-email-wrap\" style=\"display:none !important; visibility:hidden !important;\"><label for=\"wpcf7-69f5b1a7c0e4f-field\" class=\"hp-message\">Veuillez laisser ce champ vide.<\/label><input id=\"wpcf7-69f5b1a7c0e4f-field\"  class=\"wpcf7-form-control wpcf7-text\" type=\"text\" name=\"your-email\" value=\"\" size=\"40\" tabindex=\"-1\" autocomplete=\"new-password\" \/><\/span><span class=\"wpcf7-form-control-wrap\" data-name=\"your-epost\"><input size=\"40\" class=\"wpcf7-form-control wpcf7-text wpcf7-email wpcf7-validates-as-required wpcf7-validates-as-email\" aria-required=\"true\" aria-invalid=\"false\" value=\"\" type=\"email\" name=\"your-epost\" \/><\/span>\n<\/p>\n<p>Sujet\n<\/p>\n<p><span class=\"wpcf7-form-control-wrap\" data-name=\"your-subject\"><input size=\"40\" class=\"wpcf7-form-control wpcf7-text wpcf7-validates-as-required\" aria-required=\"true\" aria-invalid=\"false\" value=\"\" type=\"text\" name=\"your-subject\" \/><\/span>\n<\/p>\n<p>Votre message\n<\/p>\n<p><span class=\"wpcf7-form-control-wrap\" data-name=\"your-message\"><textarea cols=\"40\" rows=\"10\" class=\"wpcf7-form-control wpcf7-textarea wpcf7-validates-as-required\" aria-required=\"true\" aria-invalid=\"false\" name=\"your-message\"><\/textarea><\/span>\n<\/p>\n<p><input class=\"wpcf7-form-control has-spinner wpcf7-submit\" type=\"submit\" value=\"Envoyer\" \/>\n<\/p><div class=\"wpcf7-response-output\" aria-hidden=\"true\"><\/div><\/form><\/div><\/div>\n\t\t<\/div><div id=\"panel-19-1-1-2\" class=\"so-panel widget widget_circleicon-widget\" data-index=\"12\" ><div class=\"panel-widget-style panel-widget-style-for-19-1-1-2\" >\t\t<div class=\"circle-icon-box circle-icon-position-top circle-icon-hide-box circle-icon-size-small\">\n\t\t\t<div class=\"circle-icon-wrapper\">\n\t\t\t\t\t\t\t\t<div class=\"circle-icon\" >\n\t\t\t\t\t<div class=\"fa fa-exclamation\" ><\/div>\t\t\t\t<\/div>\n\t\t\t\t\t\t\t<\/div>\n\n\t\t\t\t\t\t<h4 >Tuyau!<\/h4>\t\t\t\n\t\t\t<p class=\"text\" >BADGES MAGN\u00c9TIQUES \/ LOGOS MAGN\u00c9TIQUES - Nos badges de club sont command\u00e9s \u00e0 99\u00a0% avec notre fixation magn\u00e9tique sp\u00e9ciale\u00a0!<\/p>\t\t\t\t\t<\/div>\n\t\t<\/div><\/div><div id=\"panel-19-1-1-3\" class=\"so-panel widget widget_metaslider_widget panel-last-child\" data-index=\"13\" ><h3 class=\"widget-title\">Offre<\/h3><div id=\"metaslider-id-349\" style=\"max-width: 1080px;\" class=\"ml-slider-3-28-0 metaslider metaslider-flex metaslider-349 ml-slider nav-hidden\">\n    <div id=\"metaslider_container_349\">\n        <div id=\"metaslider_349\">\n            <ul aria-live=\"polite\" class=\"slides\">\n                <li style=\"display: block; width: 100%;\" class=\"slide-1485 ms-image\"><img src=\"https:\/\/royal-images.de\/wp-content\/uploads\/2016\/02\/cont-product-slide-extras-1.png\" height=\"600\" width=\"1080\" alt=\"Logos\" class=\"slider-349 slide-1485\" \/><\/li>\n                <li style=\"display: none; width: 100%;\" class=\"slide-1588 ms-image\"><img src=\"https:\/\/royal-images.de\/wp-content\/uploads\/2016\/03\/cont-product-slide-extras-3.png\" height=\"600\" width=\"1080\" alt=\"\" class=\"slider-349 slide-1588\" \/><\/li>\n                <li style=\"display: none; width: 100%;\" class=\"slide-500 ms-image\"><img src=\"https:\/\/royal-images.de\/wp-content\/uploads\/2015\/11\/cont-product-slide-krawatten-1.png\" height=\"600\" width=\"1080\" alt=\"\" class=\"slider-349 slide-500\" \/><\/li>\n                <li style=\"display: none; width: 100%;\" class=\"slide-1589 ms-image\"><img src=\"https:\/\/royal-images.de\/wp-content\/uploads\/2016\/03\/cont-product-slide-extras-4.png\" height=\"600\" width=\"1080\" alt=\"\" class=\"slider-349 slide-1589\" \/><\/li>\n                <li style=\"display: none; width: 100%;\" class=\"slide-1590 ms-image\"><img src=\"https:\/\/royal-images.de\/wp-content\/uploads\/2016\/03\/cont-product-slide-extras-5.png\" height=\"600\" width=\"1080\" alt=\"\" class=\"slider-349 slide-1590\" \/><\/li>\n                <li style=\"display: none; width: 100%;\" class=\"slide-343 ms-image\"><img src=\"https:\/\/royal-images.de\/wp-content\/uploads\/2015\/10\/cont-product-slide-fahnen-3.png\" height=\"600\" width=\"1080\" alt=\"\" class=\"slider-349 slide-343\" \/><\/li>\n                <li style=\"display: none; width: 100%;\" class=\"slide-352 ms-image\"><img src=\"https:\/\/royal-images.de\/wp-content\/uploads\/2015\/10\/cont-product-slide-bagtags-1.png\" height=\"600\" width=\"1080\" alt=\"\" class=\"slider-349 slide-352\" \/><\/li>\n                <li style=\"display: none; width: 100%;\" class=\"slide-348 ms-image\"><img src=\"https:\/\/royal-images.de\/wp-content\/uploads\/2015\/10\/cont-product-slide-tischdecken-2.png\" height=\"600\" width=\"1080\" alt=\"\" class=\"slider-349 slide-348\" \/><\/li>\n                <li style=\"display: none; width: 100%;\" class=\"slide-331 ms-image\"><img src=\"https:\/\/royal-images.de\/wp-content\/uploads\/2015\/10\/cont-product-slide-wappen-3.png\" height=\"600\" width=\"1080\" alt=\"\" class=\"slider-349 slide-331\" \/><\/li>\n                <li style=\"display: none; width: 100%;\" class=\"slide-499 ms-image\"><img src=\"https:\/\/royal-images.de\/wp-content\/uploads\/2015\/11\/cont-product-slide-fahnen-2.png\" height=\"600\" width=\"1080\" alt=\"\" class=\"slider-349 slide-499\" \/><\/li>\n                <li style=\"display: none; width: 100%;\" class=\"slide-182 ms-image\"><img src=\"https:\/\/royal-images.de\/wp-content\/uploads\/2015\/10\/cont-product-slide-clubabzeichen-myc.png\" height=\"600\" width=\"1080\" alt=\"\" class=\"slider-349 slide-182\" \/><\/li>\n                <li style=\"display: none; width: 100%;\" class=\"slide-1587 ms-image\"><img src=\"https:\/\/royal-images.de\/wp-content\/uploads\/2016\/03\/cont-product-slide-extras-2.png\" height=\"600\" width=\"1080\" alt=\"\" class=\"slider-349 slide-1587\" \/><\/li>\n            <\/ul>\n        <\/div>\n        \n    <\/div>\n<\/div><\/div><\/div><\/div><\/div>","protected":false},"excerpt":{"rendered":"<p>Royal Images, LA soci\u00e9t\u00e9 leader sur le march\u00e9 europ\u00e9en et dont le si\u00e8ge est sis en Italie (autrefois en Allemagne) est depuis plus de 30 ans votre fournisseur digne de confiance pour des badges de club et magn\u00e9tiques de grande qualit\u00e9 et brod\u00e9s \u00e0 la main. C&#8217;est avec une tr\u00e8s grande fiert\u00e9 que nous pouvons dire que Royal Images a invent\u00e9 puis perfectionn\u00e9 durant de nombreuses ann\u00e9es les &#8211; BADGES MAGN\u00c9TIQUES DE GOLF &#8211; tellement populaires dans les milieux du golf. Nos clients satisfaits font partie &#8211; rien que dans le domaine sportif du golf &#8211; de plus de 1\u00a0000 (!!!) clubs de golf en Europe. \u2028Profitez de nos d\u00e9cennies [&hellip;]<\/p>\n","protected":false},"author":3,"featured_media":0,"parent":0,"menu_order":0,"comment_status":"closed","ping_status":"closed","template":"home-panels.php","meta":[],"language":[8],"_links":{"self":[{"href":"https:\/\/royal-images.de\/index.php\/wp-json\/wp\/v2\/pages\/19"}],"collection":[{"href":"https:\/\/royal-images.de\/index.php\/wp-json\/wp\/v2\/pages"}],"about":[{"href":"https:\/\/royal-images.de\/index.php\/wp-json\/wp\/v2\/types\/page"}],"author":[{"embeddable":true,"href":"https:\/\/royal-images.de\/index.php\/wp-json\/wp\/v2\/users\/3"}],"replies":[{"embeddable":true,"href":"https:\/\/royal-images.de\/index.php\/wp-json\/wp\/v2\/comments?post=19"}],"version-history":[{"count":28,"href":"https:\/\/royal-images.de\/index.php\/wp-json\/wp\/v2\/pages\/19\/revisions"}],"predecessor-version":[{"id":928,"href":"https:\/\/royal-images.de\/index.php\/wp-json\/wp\/v2\/pages\/19\/revisions\/928"}],"wp:attachment":[{"href":"https:\/\/royal-images.de\/index.php\/wp-json\/wp\/v2\/media?parent=19"}],"wp:term":[{"taxonomy":"language","embeddable":true,"href":"https:\/\/royal-images.de\/index.php\/wp-json\/wp\/v2\/language?post=19"}],"curies":[{"name":"wp","href":"https:\/\/api.w.org\/{rel}","templated":true}]}}